e 12) to base 9
12624847
Convert -3a914 (base 16) to base 10.
-239892
What is -101011111000010 (base 2) in base 9?
-33732
102121100110 (base 3) to base 2
110111110001010000
Convert b80776 (base 12) to base 11.
1703a16
-11422062 (base 7) to base 9
-1814783
Convert -12895 (base 10) to base 5.
-403040
-1001120101220 (base 3) to base 12
-231529
-336644 (base 8) to base 12
-56030
Convert 146c8 (base 16) to base 14.
226b6
Convert -14388366 (base 9) to base 11.
-403a853
Convert -22001000220 (base 3) to base 2.
-100110101000001001
Convert -12000004 (base 5) to base 7.
-633614
What is 101303302 (base 4) in base 11?
4a895
What is 245022415 (base 6) in base 3?
22212120100202
Convert e7a52a (base 15) to base 8.
52024374
21162120 (base 7) to base 14
34aab7
325207 (base 8) to base 11
75045
What is -120311301 (base 4) in base 3?
-12011120100
What is -1141034 (base 13) in base 16?
-51181a
Convert 23011312 (base 4) to base 8.
130566
Convert -1272141 (base 11) to base 7.
-24456005
What is -11001011202 (base 4) in base 8?
-5010542
What is -144178 (base 13) in base 14?
-cc361
Convert -34542410 (base 7) to base 16.
-2e5269
What is -1221112212 (base 4) in base 3?
-210220221110
What is -2863b (base 16) in base 11?
-103326
3310230123 (base 4) to base 11
625022
-1347e (base 16) to base 10
-78974
Convert 16405b (base 12) to base 16.
5cd47
3142243 (base 6) to base 10
153459
-222000011 (base 3) to base 2
-100101000001110
Convert 10111111001011001 (base 2) to base 14.
27957
121021212 (base 3) to base 15
37bb
What is 510273 (base 10) in base 7?
4223451
Convert 5866e (base 15) to base 12.
116b4b
10001001001011011 (base 2) to base 13
25c79
Convert 221044340 (base 6) to base 8.
17115544
What is -2101022200021 (base 3) in base 13?
-354346
-20113103221 (base 4) to base 6
-114555001
-6308187 (base 9) to base 12
-1167321
What is -244844 (base 9) in base 5?
-14213241
What is d696e (base 15) in base 11?
425300
Convert 170838 (base 10) to base 4.
221231112
-14584 (base 16) to base 3
-11020022101
Convert 1000000011010000011 (base 2) to base 9.
441783
What is 101100010000100000111011 (base 2) in base 6?
1052400511
111211121 (base 3) to base 16
2767
Convert 111021202120 (base 3) to base 12.
107429
274e8e (base 15) to base 8
7153165
33430 (base 12) to base 5
4134004
Convert 10130000201 (base 5) to base 16.
9e8c94
What is -45011105 (base 6) in base 13?
-385733
Convert 2ea04 (base 15) to base 14.
3cd22
Convert -310200313 (base 4) to base 16.
-34837
-5111330 (base 6) to base 8
-732006
What is 10011000001100010011 (base 2) in base 4?
2120030103
What is -2103723 (base 8) in base 14?
-107a4b
What is -201020122110010 (base 3) in base 14?
-1503697
What is 553045 (base 7) in base 4?
113231032
-3bd51b (base 14) to base 9
-3808217
What is 6a234 (base 11) in base 2?
11000110000111011
Convert -200212110201120 (base 3) to base 10.
-10027923
Convert -2915992 (base 10) to base 7.
-33533302
-221234142 (base 5) to base 14
-1b071b
What is 1030522125 (base 6) in base 8?
51635145
What is -9a313 (base 16) in base 10?
-631571
Convert -242044314 (base 5) to base 9.
-2108386
-133215120 (base 6) to base 12
-a914a0
What is 1011111000101101 (base 2) in base 10?
48685
-2e4ab (base 15) to base 16
-24839
What is 121005 (base 8) in base 14?
11189
Convert -570064 (base 9) to base 11.
-21340a
What is 4310411320 (base 5) in base 6?
522305431
-37d8b (base 16) to base 9
-377703
Convert 3868571 (base 10) to base 5.
1442243241
151244355 (base 6) to base 14
5bd195
Convert -a32324 (base 11) to base 4.
-12110222030
872346 (base 10) to base 2
11010100111110011010
What is -6096 (base 13) in base 14?
-4bc5
Convert -86978b (base 13) to base 14.
-5c488d
What is 110100011111111000 (base 2) in base 4?
310133320
Convert -713c9 (base 14) to base 2.
-1000010100000100101
-322123 (base 4) to base 6
-25151
Convert 24660 (base 9) to base 10.
16578
Convert -1000010101110001010 (base 2) to base 11.
-177366
-30000401 (base 6) to base 5
-203334303
What is 1bb39 (base 13) in base 12?
2774b
Convert 111000000001010101101 (base 2) to base 12.
7463a5
What is -168835 (base 9) in base 5?
-11324202
Convert b2146c (base 14) to base 8.
26677750
2370209 (base 13) to base 14
1657003
What is -2111111210000 (base 3) in base 12?
-540b99
What is 20a9a1 (base 12) in base 5?
113010421
What is -12431304 (base 5) in base 2?
-11110010000110010
What is 3903 (base 11) in base 10?
5085
What is -10deaa9 (base 15) in base 4?
-232021231221
What is 3850aa (base 16) in base 10?
3690666
-15b55 (base 12) to base 9
-46502
What is 1031406 (base 8) in base 9?
458454
What is 621462 (base 9) in base 2?
1011001111110001101
Convert 516b4 (base 15) to base 11.
166943
What is 5545251 (base 6) in base 4?
1003333333
What is 11000110101001110 (base 2) in base 7?
602350
-923872 (base 10) to base 13
-264691
118a12 (base 16) to base 14
21cc82
Convert -13102451 (base 8) to base 10.
-2917673
What is 1001110000010011001 (base 2) in base 7?
2500620
Convert -44031311 (base 6) to base 7.
-14065645
-123214043 (base 5) to base 14
-119112
What is -471619 (base 16) in base 14?
-893ad3
12303344022 (base 5) to base 4
320312123210
Convert -11030100342 (base 5) to base 8.
-55470173
What is -11169461 (base 10) in base 2?
-101010100110111010110101
Convert -14929d (base 16) to base 14.
-2714bb
Convert 7246 (base 11) to base 2.
10010110001001
What is -291a (base 14) in base 3?
-100222111
312002 (base 10) to base 14
819bc
Convert -4152bb (base 13) to base 8.
-5642732
What is -1401140 (base 5) in base 11?
-1a293
Convert 71877 (base 10) to base 16.
118c5
What is 10101202000 (base 3) in base 5?
4120004
Convert 110101101111110000101 (base 2) to base 8.
6557605
Convert 24744102 (base 8) to base 6.
313404054
What is 272655 (base 11) in base 7?
3431631
Convert 12344473 (base 8) to base 11.
1600518
What is -1022122001100 (base 3) in base 9?
-1278040
What is 33c52 (base 14) in base 15?
27489
-4161bd (base 14) to base 12
-8a4b23
53b557 (base 16) to base 9
11281226
Convert -5566280 (base 10) to base 3.
-101110210111112
Convert -10010101111100100110 (base 2) to base 4.
-2111330212
-228411 (base 12) to base 6
-15510421
Convert -3211126 (base 8) to base 13.
-23cc01
What is 41311403 (base 5) in base 10?
338353
40350013 (base 6) to base 13
31331a
What is 60dd90 (base 14) in base 10?
3265290
Convert 111101011100111101001 (base 2) to base 5.
1003414143
Convert -103340020 (base 6) to base 14.
-36171a
What is 329868 (base 11) in base 7?
4315641
Convert -2022000100210 (base 3) to base 15.
-1919e0
-101000001010000110010000 (base 2) to base 16
-a0a190
Convert 212102010011210 (base 3) to base 5.
11141120342
Convert 221030 (base 7) to base 13.
14861
What is -7787a (base 14) in base 13?
-a1ba0
What is -195048 (base 12) in base 8?
-1543370
What is -50145223 (base 6) in base 14?
-28b343
-6180 (base 14) to base 6
-205352
-10772270 (base 8) to base 10
-2356408
290862 (base 10) to base 11
189590
30582 (base 12) to base 8
173062
What is -45c23 (base 15) in base 8?
-661634
What is -502403350 (base 6) in base 14?
-11bc21c
What is aa4d (base 16) in base 8?
125115
What is -12d0cd (base 15) in base 4?
-3130313311
Convert 11202010122 (base 3) to base 10.
93410
Convert -1bc5a (base 13) to base 10.
-54831
What is -201a0 (base 11) in base 14?
-aa81
Convert 1998b4 (base 12) to base 16.
6e6c8
-11220323123 (base 4) to base 12
-5b364b
Convert -51376 (base 10) to base 14.
-14a1a
What is -35a8523 (base 12) in base 7?
-154413540
2135230 (base 6) to base 14
2a97c
534262 (base 10) to base 3
1000010212111
1422074 (base 9) to base 7
6435466
Convert -5c584 (base 13) to base 16.
-2988a
Convert -6b269 (base 12) to base 10.
-143793
Convert -101110011110000 (base 2) to base 13.
-aaa2
What is -1d374 (base 15) in base 3?
-11211201001
Convert 97313b (base 13) to base 6.
204015354
Convert -10110001200 (base 3) to base 15.
-1517c
What is 15376b7 (base 12) in base 6?
232140351
11573423 (base 10) to base 16
b098af
29eed (base 15) to base 2
100000111101010110
What is 9405834 (base 10) in base 5?
4401441314
Convert -2002233 (base 6) to base 5.
-11000322
What is 4844560 (base 9) in base 2?
1010000001100010111111
6640610 (base 7) to base 14
173877
Convert -4117 (base 8) to base 14.
-abd
Convert -91624 (base 10) to base 14.
-25568
-1806131 (base 10) to base 4
-12320330303